 - 41*d - 26. List the prime factors of c(-21).
2, 13, 17
Let f(u) = u**3 - 16*u**2 - 78*u - 37. Let d be f(20). Suppose -j - 916 = 5*y - 6*y, 2*j = -d*y + 2728. List the prime factors of y.
2, 3, 19
Suppose 0 = 5*z - 3*s - 41465, -4*z + 448*s = 446*s - 33170. What are the prime factors of z?
2, 5, 829
Let g be (-8)/(-12) - (2 - (-48)/(-9)). Suppose -g*k + y = 4*y - 268, 2*k + 2*y = 132. Suppose -530 = -2*r + k. What are the prime factors of r?
2, 3, 5
Suppose 6*g - 13*g + 91263 + 390155 = 0. What are the prime factors of g?
2, 137, 251
Suppose -3*p = -16 + 7. Let u(b) = b**2 + 33*b - 5 + 27*b**3 - 31*b - 18*b**p. What are the prime factors of u(2)?
3, 5
Suppose -40*i + 1000160 = 150*i. List the prime factors of i.
2, 7, 47
Suppose -6*y - 5241 = -4*y - 24103. List the prime factors of y.
9431
Suppose 2926*r = 2931*r - l - 30017, -5999 = -r - 2*l. What are the prime factors of r?
3, 23, 29
Let b(y) = y**2 - 21*y - 123. Let u be (14/((-504)/837))/(3/(-4)). What are the prime factors of b(u)?
11, 17
Let x = -43996 - -64805. What are the prime factors of x?
20809
Let n(y) = 2*y**2 - y - 9. Let z(j) = 2*j**2 - 5*j - 8. Let l be (-14 + 2)/(-2) + -2. Let a be z(l). List the prime factors of n(a).
19
Let j = -59 - -62. Suppose 0 = 3*z + z + j*h + 116, 2*z + 4*h = -48. Let r = z - -129. List the prime factors of r.
97
Let i(n) = -2*n - 30. Let d be i(-16). Suppose 5*h + 189 - 53 = -d*x, 30 = -h + x. List the prime factors of (h/6*-3)/(-1 + 2).
2, 7
Suppose -5*s - p = -184045, -3*s + 35583 = -5*p - 74816. List the prime factors of s.
2, 43, 107
Suppose -5*p + 594 = -8*p. Let i = 336 + p. List the prime factors of i.
2, 3, 23
Suppose 66*p - 33294 + 14229 = 36573. List the prime factors of p.
3, 281
Suppose -n - 6*n = -21. Suppose -n*j + 1081 + 449 = 0. Suppose 2*g = 7*g - j. List the prime factors of g.
2, 3, 17
Suppose -19 = -2*g + 3*t, -19*t - 10 = g - 14*t. Suppose -3 = -3*y, -g*i + 3420 = -5*y - 0*y. What are the prime factors of i?
5, 137
Let b(a) be the second derivative of a**4/12 + 20*a**3/3 - 165*a**2/2 + 56*a - 1. What are the prime factors of b(22)?
11, 109
Let h = 120875 + -82538. List the prime factors of h.
3, 13, 983
Let a(m) = -m**3 + 9*m**2 - 30*m + 20. Let u be a(11). What are the prime factors of (u/(-5))/((216/160)/9)?
2, 23
Let p be (-4)/6 + (3 - 2290/3). Let i = -648 - p. What are the prime factors of i?
113
Let y(r) = 3*r + 82. Let p be y(-19). Suppose -11*q + p*q = 1764. What are the prime factors of q?
2, 3, 7
List the prime factors of 6*(-60)/288*-2764.
5, 691
Let g be ((-3)/4)/((-2)/8). Suppose 24*x = 6*x + 90. What are the prime factors of g/(x*(-3)/(-710))?
2, 71
Let k = -3584 - -7433. What are the prime factors of k?
3, 1283
Let z(h) = -h**2 - 8*h - 8. Let f be z(-6). Let n(r) = 114*r - 25. List the prime factors of n(f).
431
List the prime factors of (11409 - 94) + (-26)/(-2).
2, 3, 59
Let w(j) = -21084*j - 13. Let a be w(-1). Suppose 25*s - a = 6*s. What are the prime factors of s?
1109
Let h = 510 - 378. What are the prime factors of (1 + h)/7*13?
13, 19
Suppose 5*q - 39 = 2*v, 6*v = 2*q + 2*v - 22. Suppose -16 = -q*l + 3*l. What are the prime factors of 190/3 + l/(-12)?
3, 7
What are the prime factors of (-1)/(-2) + 466265/50 - 1/(-5)?
2, 4663
Let b = 38 + -31. Suppose 5*r = -j + 7, -b*j + 10*j + 4*r - 43 = 0. What are the prime factors of j?
17
Let l = 71270 + -2260. List the prime factors of l.
2, 5, 67, 103
Suppose -2*r = -i + 24212, 2*i - 48406 = -65*r + 63*r. List the prime factors of i.
2, 7, 13, 19
Let o = 3 + 2. Suppose 22*r = 3*r + 171. Suppose 77 - r = 2*y + 5*b, -o*y + 2*b = -199. List the prime factors of y.
3, 13
List the prime factors of (-19173)/231*(1*-1 - 748).
7, 83, 107
Let a = -120 - -120. Suppose 412 = 2*v + 4*b, -3*v = b - a*b - 623. What are the prime factors of v?
2, 13
Suppose 3*p - 4*b - 653 = 0, 5*b = -26 + 1. Suppose -s + 30 = -2*t, 5*t + 3*s + 2*s = -105. Let y = p - t. List the prime factors of y.
2, 3, 19
Let f(h) = 606*h**2 + 278*h + 6. List the prime factors of f(4).
2, 5407
Suppose -5*p = -p - 196. Let s be (-14)/p - 2/(-7). Suppose s = -3*w - 4 + 16. List the prime factors of w.
2
Let g(m) = -496*m**3 - 13*m**2 - 59*m - 6. List the prime factors of g(-3).
2, 3, 83
Let c be (-20)/30 - (-164)/(-6). Let o = -43 - c. Let p(g) = -5*g + 28. List the prime factors of p(o).
103
Let h = 86717 + -49999. List the prime factors of h.
2, 11, 1669
Suppose 0 = 11*x - 7*x. Suppose 4*z + 5*d - 33 = x, 0 = d + 3*d - 20. Suppose -4*s - 2*c + 16 = -3*s, -z*c = -8. List the prime factors of s.
2
Suppose 0 = -11*n - 1440 - 3543. Let s = 839 + n. List the prime factors of s.
2, 193
Let d(t) = t**3 + 40*t**2 + 70. List the prime factors of d(-35).
3, 5, 7, 59
Suppose -1 = -20*v + 21*v. Let c be 5/(0 + v)*-1. Suppose -c*u + 23 + 272 = 0. List the prime factors of u.
59
Let c(u) = -6*u + 70. Let h be c(-6). Suppose 18 = -h*s + 112*s. What are the prime factors of s?
3
Let l = 105 + -118. Let k(t) = t**3 + 15*t**2 + 16*t - 18. What are the prime factors of k(l)?
2, 7
Suppose -5*n + 6 - 6 = 0. Suppose 2*v = 6*v + 3*f - 996, n = 4*v + f - 996. Suppose 14*l - v = 11*l. What are the prime factors of l?
83
Suppose 70 = 42*n - 98. Suppose 0 = -n*k + 1935 + 1393. List the prime factors of k.
2, 13
Let k(z) = -2*z + 17. Let n be k(-6). Suppose -n*d + 6*d = -8441. List the prime factors of d.
367
Let b(f) = 720*f**2 - 59*f + 82. What are the prime factors of b(4)?
2, 5683
Suppose -25*t - 7213832 = 1987668. What are the prime factors of ((-4)/6 + t/(-165))/2?
5, 223
Let s = 122 + -119. Suppose 4*w = g - 0*g - 421, -s*g + 1193 = 2*w. What are the prime factors of g?
401
Let h be (-1 - -1*25) + (13 - 12). Suppose -h*z + 15*z = -3240. List the prime factors of z.
2, 3
Let r(p) = 2692*p**2 + 27*p - 5. List the prime factors of r(-2).
10709
Let i = 1752 - 925. Suppose o + a - 165 = 0, 2*a - i = -5*o - a. What are the prime factors of o?
2, 83
Let d = -23 + 33. Let k be (9/(-21))/(18/126). Let w = d - k. What are the prime factors of w?
13
Let b = -9 - -12. Suppose 0 = 4*g - 5*i - 1652, 939 = b*g - 2*i - 300. Let u = g - 248. What are the prime factors of u?
3, 5, 11
Let s(y) = 5623*y - 3113. What are the prime factors of s(4)?
19379
Let r(h) = 23*h + 10*h**2 - 11*h**2 + 5*h - 77 + h. What are the prime factors of r(19)?
113
Suppose -2 = -2*r - j, -2*r + r + 4 = -j. Suppose -2*n + 6*w - w + 64 = 0, -52 = -r*n + 2*w. What are the prime factors of (3/2)/((n/(-8))/(-11))?
2, 3
Suppose -20*o + 11 = -9*o. Let r(z) = 9*z**3 + 59*z**3 + 35*z**3. What are the prime factors of r(o)?
103
Suppose 57 = 17*o - 28. Suppose o*p + 225 = -945. Let c = -22 - p. List the prime factors of c.
2, 53
Let j(o) = -25*o**2 - 35*o + 192. Let p be j(8). Let g = -1145 - p. What are the prime factors of g?
3, 181
Let o(s) be the third derivative of -28*s**2 - 3/8*s**4 + 0 + 0*s - 7/3*s**3. What are the prime factors of o(-11)?
5, 17
Let r(g) = 530*g**2 - 526*g - 3651. List the prime factors of r(-7).
3, 107
Let z(w) = w**3 - 7*w**2 - w + 1. Let i be z(3). Let l = i + 33. Let k(v) = 2*v**2 - 3*v - 1. What are the prime factors of k(l)?
2
Suppose o + 3 - 270 = 0. Suppose 3*t - 51 - o = 0. Let q = t + -20. List the prime factors of q.
2, 43
Suppose 43*g - 44*g + 24008 = -2*m, -g + 24008 = -3*m. What are the prime factors of g?
2, 3001
Let b = 8562 + -3380. What are the prime factors of b?
2, 2591
Let l be -2 - 3270/((-9)/3). Suppose -l = i - 3*i. Suppose -i = a - 9*a. List the prime factors of a.
2, 17
Let w(q) = 1385*q**2 - 561*q - 4. What are the prime factors of w(-4)?
2, 5, 61
Suppose 22 = -2*l + 20. Let s be -1 + 1 - l - (-44)/(-22). List the prime factors of 565/(-10)*(s - 1) - -2.
5, 23
Let s(x) = 552*x**2 - 15*x - 1. Let v = -98 + 97. What are the prime factors of s(v)?
2, 283
Let m = -59644 - -85371. What are the prime factors of m?
13, 1979
What are the prime factors of 3/(-6)*(-1050400)/80?
5, 13, 101
Suppose 19*d - 21*d + 42506 = 2*v, 3*d = -12. List the prime factors of v.
29, 733
Let w(q) = q**2 + 15*q - 22. Let v be w(-15). Let z = 11 + v. List the prime factors of (84/(-1))/(z/11).
2, 3, 7
What are the prime factors of 3*2/6 - (-32154 - 25)?
2, 5, 1609
Let z = 120 + 353. Suppose -6*x - 11 = -z. List the prime factors of x.
7, 11
Let g(d) = 